 388532?
2, 137, 709
List the prime factors of 3769469.
11, 342679
What are the prime factors of 1550699?
113, 13723
What are the prime factors of 13100491?
79, 165829
List the prime factors of 895203.
3, 17, 5851
List the prime factors of 908345.
5, 181669
List the prime factors of 9497.
9497
List the prime factors of 5478776.
2, 61, 103, 109
What are the prime factors of 83221?
83221
What are the prime factors of 852829?
852829
List the prime factors of 3611503.
7, 515929
What are the prime factors of 1109788?
2, 41, 67, 101
List the prime factors of 6282354.
2, 3, 13, 239, 337
What are the prime factors of 415422?
2, 3, 7, 157
List the prime factors of 203446.
2, 101723
What are the prime factors of 125941?
125941
What are the prime factors of 121916?
2, 29, 1051
List the prime factors of 1083184.
2, 67699
What are the prime factors of 435736?
2, 7, 31, 251
List the prime factors of 17454331.
19, 53, 17333
What are the prime factors of 2079323?
2079323
What are the prime factors of 4151230?
2, 5, 17, 24419
List the prime factors of 11070987.
3, 3690329
What are the prime factors of 1363198?
2, 421, 1619
List the prime factors of 95234.
2, 17, 2801
List the prime factors of 701680.
2, 5, 7, 179
List the prime factors of 1806690.
2, 3, 5, 60223
List the prime factors of 4480466.
2, 19, 157, 751
What are the prime factors of 469645?
5, 11, 8539
What are the prime factors of 958972?
2, 7, 29, 1181
List the prime factors of 686053.
29, 41, 577
What are the prime factors of 9450860?
2, 5, 472543
List the prime factors of 1742523.
3, 29, 20029
List the prime factors of 10048468.
2, 2512117
List the prime factors of 37251072.
2, 3, 43, 47
List the prime factors of 390584.
2, 48823
What are the prime factors of 15137008?
2, 47, 20129
List the prime factors of 737203.
737203
What are the prime factors of 107723?
7, 11, 1399
List the prime factors of 45457.
131, 347
What are the prime factors of 15410800?
2, 5, 59, 653
What are the prime factors of 7616604?
2, 3, 634717
List the prime factors of 1026727.
13, 78979
List the prime factors of 1303023.
3, 31, 14011
What are the prime factors of 366484?
2, 91621
What are the prime factors of 1399488?
2, 3, 37, 197
What are the prime factors of 4033620?
2, 3, 5, 22409
List the prime factors of 417914.
2, 7, 29851
What are the prime factors of 685020?
2, 3, 5, 7, 233
List the prime factors of 1610086.
2, 263, 3061
List the prime factors of 550017.
3, 13, 1567
What are the prime factors of 325565?
5, 19, 23, 149
What are the prime factors of 1651403?
13, 127031
What are the prime factors of 782981?
782981
List the prime factors of 1621668.
2, 3, 67, 2017
What are the prime factors of 459356?
2, 23, 4993
What are the prime factors of 362224?
2, 22639
What are the prime factors of 812753?
17, 47809
What are the prime factors of 718469?
173, 4153
What are the prime factors of 5821108?
2, 61, 23857
List the prime factors of 387264.
2, 3, 2017
List the prime factors of 734468.
2, 7, 17, 1543
List the prime factors of 7501437.
3, 17, 59, 277
What are the prime factors of 62526?
2, 3, 17, 613
List the prime factors of 276937.
163, 1699
List the prime factors of 105058.
2, 52529
What are the prime factors of 603909?
3, 22367
List the prime factors of 121636.
2, 47, 647
What are the prime factors of 2002255?
5, 37, 79, 137
List the prime factors of 250828.
2, 73, 859
List the prime factors of 727174.
2, 7, 51941
List the prime factors of 99293.
31, 3203
List the prime factors of 1324754.
2, 23, 31, 929
List the prime factors of 2173286.
2, 31, 35053
What are the prime factors of 183001?
7, 13, 2011
List the prime factors of 13482652.
2, 37, 91099
List the prime factors of 2315428.
2, 578857
List the prime factors of 21154463.
11, 1923133
List the prime factors of 20455.
5, 4091
What are the prime factors of 11915420?
2, 5, 11, 41, 1321
What are the prime factors of 12377463?
3, 7, 31, 19013
List the prime factors of 200679.
3, 151, 443
List the prime factors of 338217.
3, 11, 37, 277
List the prime factors of 223532.
2, 29, 41, 47
What are the prime factors of 5576668?
2, 1394167
List the prime factors of 595193.
71, 83, 101
What are the prime factors of 1143841?
79, 14479
What are the prime factors of 388869?
3, 13, 59
List the prime factors of 2205208.
2, 275651
List the prime factors of 6193073.
6193073
What are the prime factors of 2184001?
2184001
What are the prime factors of 283399?
167, 1697
List the prime factors of 222891.
3, 74297
List the prime factors of 1273939.
1273939
What are the prime factors of 114907?
13, 8839
List the prime factors of 3070253.
71, 83, 521
What are the prime factors of 990293?
990293
List the prime factors of 3507435.
3, 5, 25981
List the prime factors of 5938349.
5938349
What are the prime factors of 102224?
2, 6389
What are the prime factors of 221341?
389, 569
What are the prime factors of 957588?
2, 3, 199, 401
What are the prime factors of 14596243?
14596243
List the prime factors of 9143533.
7, 41, 31859
List the prime factors of 15543038.
2, 7, 43, 25819
What are the prime factors of 243005?
5, 7, 53, 131
What are the prime factors of 394125?
3, 5, 1051
What are the prime factors of 2092669?
29, 72161
List the prime factors of 8738304.
2, 3, 5689
What are the prime factors of 327388?
2, 81847
What are the prime factors of 3073134?
2, 3, 167, 3067
List the prime factors of 602471.
19, 37, 857
List the prime factors of 2966385.
3, 5, 197759
What are the prime factors of 3567818?
2, 431, 4139
What are the prime factors of 4043431?
7, 179, 461
List the prime factors of 381630.
2, 3, 5, 12721
What are the prime factors of 2448?
2, 3, 17
List the prime factors of 463306.
2, 83, 2791
What are the prime factors of 53595?
3, 5, 397
List the prime factors of 693599.
71, 9769
List the prime factors of 169192.
2, 21149
List the prime factors of 490445.
5, 47, 2087
List the prime factors of 1119076.
2, 7, 17, 2351
List the prime factors of 2331893.
151, 15443
What are the prime factors of 390468?
2, 3, 13, 2503
List the prime factors of 1447678.
2, 723839
What are the prime factors of 4998303?
3, 59, 9413
List the prime factors of 999369.
3, 7, 29, 547
List the prime factors of 6474702.
2, 3, 13, 83009
What are the prime factors of 21775166?
2, 7, 37, 127, 331
What are the prime factors of 3488120?
2, 5, 29, 31, 97
What are the prime factors of 2026531?
13, 155887
What are the prime factors of 6812644?
2, 79, 21559
List the prime factors of 3457542.
2, 3, 11, 52387
What are the prime factors of 17426920?
2, 5, 7, 109, 571
What are the prime factors of 2320790?
2, 5, 232079
What are the prime factors of 2360324?
2, 71, 8311
What are the prime factors of 228220?
2, 5, 11411
List the prime factors of 6360.
2, 3, 5, 53
List the prime factors of 1226985.
3, 5, 81799
List the prime factors of 18583033.
7, 2654719
What are the prime factors of 14387956?
2, 11, 326999
List the prime factors of 18145338.
2, 3, 139, 21757
What are the prime factors of 1341196?
2, 335299
What are the prime factors of 107570?
2, 5, 31, 347
What are the prime factors of 2573712?
2, 3, 61, 293
List the prime factors of 1623616.
2, 23, 1103
What are the prime factors of 7472556?
2, 3, 7, 13, 2281
List the prime factors of 14538585.
3, 5, 969239
What are the prime factors of 7524502?
2, 67, 233, 241
List the prime factors of 5166972.
2, 3, 143527
List the prime factors of 4001421.
3, 1333807
List the prime factors of 10513335.
3, 5, 7, 223, 449
List the prime factors of 241922.
2, 73, 1657
List the prime factors of 280382.
2, 140191
List the prime factors of 494762.
2, 247381
What are the prime factors of 1964313?
3, 13, 103, 163
What are the prime factors of 10751305?
5, 449, 4789
List the prime factors of 1172446.
2, 11, 137, 389
What are the prime factors of 14095485?
3, 5, 263, 397
List the prime factors of 5695588.
2, 1423897
List the prime factors of 16679397.
3, 7, 17, 19, 2459
List the prime factors of 159956.
2, 39989
What are the prime factors of 162419?
162419
List the prime factors of 7207375.
5, 7, 8237
What are the prime factors of 1279101?
3, 593, 719
What are the prime factors of 7225485?
3, 5, 481699
List the prime factors of 1653345.
3, 5, 37, 331
List the prime factors of 548399.
548399
What are 